-14
Evaluate (-5 - (-30 + -6 - -16)) + 15.
30
Evaluate 9 - 7 - (-5 + 5 + 19 - -1) - 9.
-27
What is 60 + 33 + -2 + -5 + -28?
58
13 + (14 - 0) + (6 - 23) + -48
-38
Evaluate -13 - -18 - (62 - (9 + (3 - 1))).
-46
71 + ((-6 - 0) + -5 - -25)
85
What is -126 + (-162 - -324) + (1 - 73)?
-36
What is the value of (21 - 136) + 88 + (24 - 0)?
-3
Calculate 1923 - 1993 - (-1 + -78).
9
Calculate -5 + 66 + -57 + -28.
-24
What is the value of -3 + 14 + -4 + -2 - (4 - -4) - 27?
-30
What is the value of -24 - -37 - 21 - 2?
-10
What is the value of -51 + -38 + -6 + 26 - (2 - 14)?
-57
Evaluate 12 - (146 - (32 - -24)).
-78
-43 - (10 - 39) - (-15 + 4 + -5)
2
What is (28 - 28) + 5 + (-7 - -5) + 17?
20
What is 92 + (549 + -549 - (-7 + 0))?
99
What is -41 + 18 + -27 + 32 + -13?
-31
Calculate -13194 + 13135 + (84 - -1).
26
Calculate -71 - (-39 - -23) - (-22 - -44).
-77
What is the value of -44 - ((0 - -1 - (4 - (-6 - -14))) + 3)?
-52
What is -8 + -62 - 2 - -141?
69
13 + 1 - (92 - (48 + 61))
31
What is -5 + (-14 - -8) - -51 - -8?
48
What is the value of 11 + -1 - (45 - 49 - (-5 + -2 + -64))?
-57
What is -59 + -20 + 9 - (3 - ((-15 - -3) + 4))?
-81
What is the value of -14 + (-19 - -12) - 87 - (-8 + 1 + 6)?
-107
Calculate 23 - (-65 + 85 - (0 + 19)).
22
What is the value of 2901 + -2839 - (103 - 1)?
-40
Calculate (47 - 49 - (-9 + 0)) + 8 + -79.
-64
What is 20 + (67 + -44 - 33) + (1 - 0) + 21?
32
What is the value of -3 - (0 + -5 - 6 - (58 - 60))?
6
277 + -287 - (1 + (-3 - 0) + 33)
-41
What is the value of (25 - 18 - -4 - 0) + (-20 - -1 - -4)?
-4
What is -61 + (-149 - -91) + 51?
-68
What is the value of (86 - 42) + 11 + -13 + 8?
50
Calculate (77 - (35 - -40)) + (0 - -22).
24
Evaluate -1 + 5 - 1 - -76 - (0 - (-20 + 21)).
80
What is -729 + 813 + -51 + 5?
38
Calculate -30 + -35 + (82 - 58).
-41
What is the value of 18 + (12 - (7 - -12)) + -14 - -4?
1
What is 3 + (4 - -14) - 6 - (5 - 78)?
88
Calculate -248 - -192 - (-86 + -4).
34
(-98 - (-5 - -1)) + (-56 + 75 - 5)
-80
Evaluate 28 - -15 - 24 - 29.
-10
81 + 51 + -255 + 34
-89
Evaluate 2 + 19 + (-54 + 6 - -64).
37
Calculate (13 - 1) + (174 - 186) + -17.
-17
What is the value of 6 - 21 - (7 + -1 + 3 + (9 - 11))?
-22
What is (1 - 4 - -2) + 0 + (-42 - 13)?
-56
(-90 - -110 - (43 + 6)) + 22
-7
What is -2 + (18 - (-5 + 34 - 111))?
98
What is -43 + 7 + -9 + 4 - (6 + 3 + -7)?
-43
What is the value of (49 - 66) + (-6 - -69) + -9?
37
-55 + (350 - (-75 + 239))
131
Calculate -57 + 73 + 11 + 18.
45
Calculate (6 - -3) + (-9 + 2 - (-9 + 69)).
-58
Evaluate -80 - ((102 - 189) + 30).
-23
What is the value of -125 - ((64 - 79) + -17)?
-93
(4 - -11) + 34 - 59
-10
Evaluate -42 - -1 - (4572 - 4674).
61
-5 - 15 - (-118 + 5 + (33 - 19))
79
Evaluate -2 - (5 + 7) - (6 + -11 + 9).
-18
What is the value of -63 + -53 + (29 - -19)?
-68
What is the value of 1 - (53 + -16) - (150 - 178)?
-8
What is the value of (37 - 228 - -39) + 236?
84
What is -58 - ((41 - -9) + -66)?
-42
What is the value of -7 + 1 + -10 + 8 + (22 - 8)?
6
Evaluate -71 - -20 - -116 - -5.
70
What is -30 - ((1609 - 1615) + (1 - (3 + -2 - -4)))?
-20
What is the value of -14 + -1 + 0 - (24 + (-10 - -20) + -99)?
50
Evaluate -100 + 18 - (-7 + 10 + 9 + 20 + -46).
-68
What is -12573 - -12577 - (7 - 0)?
-3
-61 + -3 - (-522 + 517)
-59
(25 - (-32 - -22)) + -15
20
Calculate 87 - -103 - (65 + 43).
82
What is (-3 - (-33 - -11)) + 14 + -6 + -3 + 4?
28
What is (9 + -2 - (-21 + -4)) + -9?
23
-3746 - -3818 - (7 - (-1 - -3)) - (-2 + 0)
69
Evaluate 52 - 0 - (91 + (-197 - -106)).
52
Calculate 148 + 10 + -35 - (-71 - -72).
122
What is the value of (47 - (-10 + 18)) + -80?
-41
Calculate 1 - -3 - -1 - (165 + -194) - (15 - 6).
25
Calculate 15 - 1 - (-113 - (21 - 142)).
6
Evaluate 24 - (3 - 3) - (68 - 77).
33
What is the value of (-30 - -2 - (-445 - -486)) + (4 - (-3 + 9))?
-71
(-3 - (-21 - -93) - (4 + -16)) + 18
-45
Calculate -10 - (2 + -2 + 3 - (12 + (75 - 56))).
18
Calculate 42 - (5 + 4 - (-30 - -49)).
52
-26 - (1 + -9 + -19 + 61)
-60
Evaluate 108 - -17 - 144 - (-5 + 5 + 10 + 1).
-30
Calculate (1 - 6) + (92 - (21 - -18 - -15)).
33
What is (-38 - -36) + (353 + -358 - (-15 - (0 - 0)))?
8
What is the value of -1 - 36 - (-1694 + 1651)?
6
What is 2 + -4 - -8 - (-984 - -970)?
20
Calculate -7 - (-6 + 13 + -3 - (-9 - -8) - 66).
54
24 + (-8 - 20) + (-56 - -26)
-34
What is -41 - -16 - 1 - -27 - (30 + -1)?
-28
-10 - (62 - (0 - (-1 + 17))) - -18
-70
-2 - (2 + 3) - (164 + -143)
-28
Calculate (-20 - -52) + (-3 - (50 - -15)).
-36
Calculate -13 + 0 - (-21 - (-9 + -15 + 12)).
-4
Evaluate 56 + -24 - 35 - (-57 - 1).
55
What is the value of -1 + 25 + (7 - -33 - 8 - 32)?
24
(-4 - (17 + -2)) + 51 + -12
20
Calculate -1 + -24 - (-85 + 163 - 156).
53
Calculate (-4 - 54) + (-8 - (-2 + (-6 - 5))) + 1.
-52
Evaluate (-46 - (-12 - -39)) + 15.
-58
Evaluate -1631 + 1661 - (5 - -77).
-52
Calculate 10 + 13 - 17 - -31 - -50.
87
Calculate (-40 - (-66 + 29 + 7)) + -1 + -1 + 85.
73
Evaluate 1 - (44 + 4 + -1) - (4 + -67 + 62).
-45
What is 21 - (77 - (29 - -1)) - 110?
-136
What is -1389 - -1390 - (43 + -2) - -55?
15
Calculate -3 + (-12 - (2 + (-6 - 6))) - (2 - -106).
-113
What is (130 - (158 - -91)) + 62?
-57
What is the value of 246 + -277 - (5 - 43) - (1 + -1 + -52)?
59
What is 49 + (-9 - -10) + (-52 - -4)?
2
Calculate 0 + 14 + -22 - (21 + -91) - 14.
48
Calculate 56 + -57 + (113 - 86).
26
Evaluate -34 - (-43 - -28) - (61 - 176).
96
Calculate (-5 - 0 - (5 - -2 - 12)) + 827 + -880.
-53
What is 228 + -243 + 44 + 1?
30
47 - (40 + 2 - (12 + 0))
17
Evaluate (-29 - -113) + (-10 - (-13 + 12 - (-9 - -2))).
68
What is the value of 70 + (-1 - 9) + (-17 + (-28 - -25) - -35)?
75
Calculate -53 - (-37 + 39 - 54).
-1
What is 9 + (-60 - -45 - -1) - (3 + -2 + -25)?
19
What is 2 + (14 + 22 - -2 - 15)?
25
What is the value of 355 - 384 - (2 + -3 - (2 + 0))?
-26
What is the value of 53 + (21 - (45 - (17 - 0)) - (3 - 1))?
44
Calculate 12 + 18 + -12 + 1 + -18 + 4 + -44.
-39
-25 - (26 + -40 - 12 - 21)
22
(70 - 14) + 7 - (15 - (-5 - -15 - 5))
53
What is 47 + (-49 - -6) - 96?
-92
What is 110 - ((178 - 188) + (22 - -2) - 18)?
114
64 + 4 + (-54 - (-23 - 22))
59
What is -6 - ((37 - 27) + 23)?
-39
Evaluate -117 - -119 - (-10 - (-7 - 61)).
-56
What is 6 - ((14 - -2) + (-3 - -12) + -20)?
1
Evaluate 659 - 671 - (-3 - (-87 - 1)) - -11.
-86
Evaluate 6 - (64 + -21 - 7 - 19).
-11
What is 31 + ((-12 - -17) + 15 - 33)?
18
181 - 191 - (-139 - (-2 + 1 - -1)) - 11
118
What is 10 + (0 - -22 - 22)?
10
What is 27 + (-2 - 18 - -26) + -16?
17
Evaluate (4 - (58 - 35)) + (64 - 20).
25
What is the value of (-4 - 0) + 28 + (17 + -4 - (-28 + 42))?
23
What is (-822 - -808) + (-4 + 9 - 54 - 0)?
-63
What is (-100 - -198) + -217 + 56?
-63
Evaluate (-17 - (10 + -11) - -10) + (22 - 28).
-12
16 - (-215 + 131) - (23 - (4 + -2))
79
What is the value of (-17 + (-30 - -8 - -104) - -14) + -16?
63
-55 - -17 - -42 - (-54 - (-4 + 4))
58
-1 + (-15 - -7) + (71 - -27) + 14
103
What is the value of 0 + -59 + (2 - 2 - 0) + (46 - 42)?
-55
What is 4 - 44 - (1086 + -1051)?
-75
What is the value of -30 - (-3 + (-6 - 4) - 2)?
-15
What is (-21 + -12 + 21 - -11) + 19 + -5?
13
-5 + 1 - (278 - 339)
57
Calculate -2 - -1 - ((2 - -137) + -12) - (-350 - -361).
-139
Evaluate (-16 - 6) + -34 + (6 - -9).
-41
-31 - (-40 + (-8 - (-8 - -17)))
26
1 + 41 + 0 + (-250 - -431) + -182
41
What is 30 + -1 - ((3 - 14) + -48 + 59)?
29
Calculate -105 - -97 - (4 + -23 - 1).
12
What is 33 - (56 - (-6 - -42))?
13
What is -116 + (-9 - (-111 - -43))?
-57
What is -2 + 31 + -20 - ((1 - -15) + 19 + -21)?
-5
Calculate 62 + (26 - (32 - -6)) + -13.
37
What is 109 + 1 - (-2735 + 2888)?
-43
63 + -156 + 57 - -66
30
What is the value of (-20 - 5) + -9 + 733 + -766?
-67
Evaluate 101 + (67 - 157) + 48 + -2 + -4 + 3.
56
9 + 6 + -2 + -23 - (-21 + 1)
10
What is the value of 2 + (1 - 5) + 8 + (-265 - -268)?
9
What is 1 + -14 - (-169 + 291) - (69 + -90)?
-114
Evaluate (7 - -4) + (32 - (5 - -24)).
14
Calculate 3 + (66 - 9) + 5 + -4 + -8.
53
Evaluate -125 - (-65 + -48) - -34.
22
What is 180 + -184 + (-17 - 4)?
-25
3 + 35 - 33 - -88 - 9
84
Evaluate 8 - (9 - (13 - -2 - 21 - -71)).
64
Evaluate (-1 - 4) + (266 - 250).
11
Calculate (7 - (61 - 12) - -6) + -46.
-82
What is the value of 38 + -2 + -3 + 9 + -10?
32
What is (55 - 13) + 25 + -81?
-14
-5 + 26 + (-65 - -33)
-11
-240 - (